 -5207 = 7*j - 26830. Is j a composite number?
False
Let n(d) = 16*d - 1. Is n(5) a composite number?
False
Suppose 3*s - s - 8 = 0. Suppose 72 = -0*u - s*u. Let j = 29 + u. Is j composite?
False
Suppose 5*y = -0*y + 2*t + 54, -6 = 3*t. Suppose 6 = 3*o, -l - y + 90 = -o. Let r = -39 + l. Is r a composite number?
False
Suppose 0 = 11*f - 10*f - 211. Is f composite?
False
Let p(h) = h**2 - 4*h - 6. Let v be p(6). Suppose -v*r + 84 = -2*r. Is r composite?
True
Let b = 735 + 541. Is (3/6)/(2/b) a composite number?
True
Suppose -2*k = -3*y - 946, -4*k + 12 + 1880 = y. Is k composite?
True
Suppose -4*w + 9*w = 0. Suppose -2*g + 265 - 21 = w. Is g a prime number?
False
Let i(u) = 3*u**2 - 3*u + 1. Let q(r) = r. Let g be q(-1). Let w = g + -2. Is i(w) a prime number?
True
Is ((-4 - -2) + 6)*(-276)/(-16) prime?
False
Let z = 880 + -498. Is z a composite number?
True
Suppose -3*w + 384 = 3*m, -5*w - 180 - 172 = -3*m. Let o = -33 + m. Is o prime?
False
Let p = 4 + 361. Is p composite?
True
Let g(k) = -k**3 - k**2 - 10*k - 7. Let b be g(-6). Is (-3 + b)*2/4 a composite number?
True
Suppose 540 = 6*d + 78. Is d a composite number?
True
Is (1/2 - (-3)/6) + 248 a composite number?
True
Let p(g) = -10*g + 2. Let o be p(-7). Suppose -u - 514 = -5*m, -131 = -2*m + 3*u + o. Suppose 0 = -5*h + 4*f + m, 4*f + 15 = 9*f. Is h composite?
False
Suppose 5*g = -2*a + 39, 5*a + 2*g - 4*g = 25. Suppose -a*q + 530 = -2*q. Is q a prime number?
False
Let n(t) = 9*t**2 - 5*t - 22. Is n(9) a composite number?
True
Suppose -23 = -3*u - 8. Suppose 5*m + l = 789, u*l = 4*l + 4. Is m composite?
False
Suppose 0 = -5*i - 12 - 8. Let k(a) = -a**3 - 3*a**2 + 3*a + 1. Let l be k(i). Suppose 569 = l*c - 26. Is c composite?
True
Suppose 2*h - 2*t - 3302 = 0, -7*h + 6604 = -3*h - 3*t. Is h a prime number?
False
Let p be (-15)/(-10)*4/6. Is 1 + (18 - -2)/p a composite number?
True
Let c(r) = 3*r**2 + 1. Let z be c(2). Suppose 0 = b - 4*g - 6 - 0, -b + 3*g + 4 = 0. Is z*2*(-1)/b prime?
True
Let p be 1/((-2)/(-340)*1). Suppose 25 = -5*q + p. Is q - (-1 + 3)/(-1) prime?
True
Let v(n) = n**2 - 20*n - 27. Is v(-14) composite?
False
Let g(k) = 59*k**2 - 6*k - 9. Let h be g(-5). Suppose -4*i + h = -4164. Is i a composite number?
True
Let w(u) = 9*u. Let q be w(1). Suppose 4*v - v = 0. Is 0 + -2 + v + q a composite number?
False
Let p = -15 - -37. Suppose 0*n - p = -2*n. Suppose -n - 55 = -3*i. Is i a prime number?
False
Let p = 747 - -910. Is p a prime number?
True
Suppose 4*q = o + 3*q - 9, -3*o + 45 = 3*q. Is (62/(-4))/((-2)/o) a composite number?
True
Suppose 0 = -2*o - 263 + 83. Let d = 49 + o. Let x = 78 + d. Is x prime?
True
Suppose 2*t + 7*t - 9891 = 0. Is t prime?
False
Let o = 732 + -331. Is o composite?
False
Let s(y) = 177*y - 3. Let r(l) = -44*l + 1. Let j(u) = -9*r(u) - 2*s(u). Let a(v) = -v**3 + 3*v + 1. Let k be a(-2). Is j(k) a prime number?
False
Let q(y) = y + 1. Let g(f) = 7*f + 2. Let b(o) = 3*o**3 - o**2 + o. Let u be b(1). Let h(v) = u*q(v) - g(v). Is h(-3) a prime number?
True
Suppose 3*y + 15 = 3*j + 6*y, y = -5*j + 13. Suppose -a + 3*p = -38, -25 = j*p - 7*p. Is a a composite number?
False
Suppose 4*v + h = -v + 17024, 0 = v - 2*h - 3396. Suppose -t + 2025 = 3*x + 3*t, 5*x = 3*t + v. Is x a prime number?
False
Suppose 0*a - 1757 = -7*a. Is a a composite number?
False
Let k = 1416 - 819. Is k composite?
True
Let a(u) = -u + 3 - 1 + 3 - 6. Let g be a(-1). Suppose g*n = -5*n + 165. Is n composite?
True
Let b(k) = k**3 + 5*k**2 + 4*k. Let i be ((-6)/4)/(3/(-6)). Suppose j = -s - i, 0 = 2*s - 7*s. Is b(j) a composite number?
True
Suppose 0 = -5*z + i + 1169, 478 = -z + 3*z - 3*i. Is z composite?
False
Suppose 0 = -3*p - 2*p - 50. Is 83*1 - (p + 8) prime?
False
Suppose -11*t = -7*t. Suppose t = -n + 4*n - 633. Is n prime?
True
Is (-1100)/(-3) - 9/(-27) a prime number?
True
Suppose -u = -q + 315, -2*q + 3*u - 33 = -659. Is q prime?
False
Let y(g) = 2*g**2 + g + 2. Let m be y(0). Is (-4)/(-8) + 49/m prime?
False
Let d be (1 - 2)*(1 - -3). Let g be 145/45 - d/(-18). Suppose 273 = g*p - 165. Is p a composite number?
True
Let n be ((-2)/(-5))/(1/(-5)). Is -58*(119/n)/7 a prime number?
False
Suppose -2*c + 9 = 1. Suppose c*d = 1 + 7. Suppose d*r = r + 55. Is r a prime number?
False
Let g = 5374 - 3225. Is g a composite number?
True
Let w = -384 - -607. Is w composite?
False
Suppose 0 = 3*q - 4*h - 367, -3*q - 3*h = -2*q - 118. Is q a composite number?
True
Suppose 0 = 2*i - 3*i - 12. Let z be (i/9)/(2/6). Let c = 59 + z. Is c prime?
False
Suppose -3*d + l + 803 = 0, 3*l + 4 = 4*l. Is d composite?
False
Let u = -122 - -457. Is u a prime number?
False
Let j be (4/3)/((-4)/(-54)). Suppose -j - 123 = -3*o. Is o a prime number?
True
Let m be (-2 + 6)*5*1. Let h = -14 + m. Let n(i) = 2*i - 6. Is n(h) a composite number?
True
Suppose 2*x = -5*n - 332, -1 = -n - x - 65. Let g = -395 + 250. Let t = n - g. Is t prime?
False
Is -1*1*(0/(-3) + -2501) a prime number?
False
Suppose 3*x + 0*x = 18. Let c = 8 + x. Is c prime?
False
Let p = -210 + 311. Let z = -6 - -10. Suppose 0 = z*f - 945 + p. Is f a prime number?
True
Suppose -2*l - 2*l = -3*w - 27, -3*l = 2*w + 1. Suppose -l = -t - 0*t. Suppose -t*y + 66 = 3*m, -2*y = 3*m + m - 38. Is y composite?
True
Suppose -13*l - 1173 = -16*l. Is l composite?
True
Let r(j) = -211*j**3 + 3*j**2 - 5*j - 2. Is r(-3) a prime number?
True
Let d be 47/7 - (-16)/56. Let c(f) = 11 - 11 + 23*f. Is c(d) composite?
True
Let t = 202 - 117. Is t a prime number?
False
Suppose 0 + 216 = 4*o. Let j be o/4 - 2/4. Suppose 2*m - j - 277 = 0. Is m a prime number?
False
Let b(a) = 5*a + 1. Is b(6) a prime number?
True
Let u(p) be the third derivative of p**5/10 - p**4/4 - p**3/6 + 4*p**2. Is u(5) composite?
True
Let r(z) be the third derivative of z**6/120 - 7*z**5/60 + z**4/3 + z**3/2 - 4*z**2. Let x(i) = -i**2 - 5*i + 6. Let v be x(-5). Is r(v) a composite number?
True
Let i(r) = 35*r**3. Let z(l) = l**3 + 8*l**2 - 10*l - 8. Let q be z(-9). Is i(q) composite?
True
Let n(u) = 28*u. Let m(k) = -k. Let y(d) = 105*m(d) + 3*n(d). Suppose w + 2*w = -2*a + 1, 0 = -3*a - 3*w. Is y(a) a prime number?
False
Suppose 398 = 2*c + 3*b, 3*c - 2*b = 130 + 493. Is c a prime number?
False
Suppose 2553 = 4*m + 5*n, 2*m - 2*n - 3*n = 1239. Let y = m - 441. Is y a prime number?
True
Is 40/60 + (-877)/(-3) a prime number?
True
Let d = 3 - 3. Let a be 7 - d - (0 + 0). Suppose -2*q + a = -31. Is q a composite number?
False
Let o(f) = f + 12. Let n be o(-5). Suppose 5*q = 5*t + 62 - n, q = 4*t + 17. Is q a prime number?
False
Suppose -8*x = -4*x - 1172. Is x composite?
False
Let t be 5/(1 - 208/209). Suppose -4*p - p = -t. Is p a prime number?
False
Suppose 5*l + 17 = -28. Let k = 60 + l. Is k a composite number?
True
Let z(n) = -4 + 3*n**2 - n - 3*n + 9 + 7*n. Is z(-5) a composite number?
True
Let p = -401 - -1034. Is p a prime number?
False
Let k = 142 + 779. Is k a composite number?
True
Let d = -6 + 8. Suppose -v - d*f + 38 = v, -3*f = 9. Let a = 48 - v. Is a a composite number?
True
Let a(d) = -13*d**2 + 3. Let s(f) = -f - 1. Let h(q) = -a(q) + 2*s(q). Is h(-4) prime?
True
Suppose -5*x - 1556 = -4*s - 340, 1475 = 5*s + 5*x. Is s prime?
False
Suppose r + 0*r - 45 = -2*o, -3*o = -2*r + 55. Let g be (-2)/(-5) - 119/r. Is 86/(g*2/(-3)) composite?
False
Let z(a) = 670*a**3 - 3*a**2 - 2*a + 2. Is z(3) prime?
True
Suppose -5*q + 358 = 3*a, 0 = q + 4*q - 25. Let y = a + -14. Is y composite?
False
Is 17974/5 + 66/30 + -2 a prime number?
False
Let q(h) = 6*h + 1. Let l be q(1). Let k(b) = b**3 - 6*b**2 - 5*b - 9. Let j be k(l). Let y(f) = f - 2. Is y(j) a prime number?
True
Let t(u) = 3*u**2 + 0 + 3*u - 2 - 2*u + 3*u**2. Is t(-5) a composite number?
True
Suppose 2*y = 97 + 97. Is y a prime number?
True
Suppose 5*g + 145 - 3 = j, -647 = -5*j + 4*g. Is j composite?
False
Suppose 0 = -4*q + 2*a + 1146, 2*q + 4*a = 485 + 73. Let n = 446 - q. Is n a composite number?
True
Let r(w) = -214*w - 11. Is r(-3) prime?
True
Let n = 142 + -326. Let g = 509 + n. Suppose 0 = -0*r + 5*r - g. Is r composite?
True
Let v(c) = -1 - c**3 + 3 - 4*c + 5 - 1 + 10*c**2. Is v(9) composite?
True
Suppose -2*z = -2*c + 2*z + 28, -3*z = -5*c + 35. Suppose -2*v - 238 = -c*r, r - 39 = -2*v + 18. Is r a composite number?
False
Let f 